
-4
Let a(r) = -2*r + 9. Give a(11).
-13
Let f(s) = -36*s**2 - 30*s - 1. What is f(-1)?
-7
Let v(p) = -p**3 - 4*p**2 - 10*p - 13. What is v(-3)?
8
Let v(r) = 4*r - 71. Give v(17).
-3
Let a(h) = -h**3 + 4*h**2 + h - 6. What is a(4)?
-2
Let t(a) = -8*a - 21. Determine t(-5).
19
Let q(z) = -7*z**3 + 50*z**2 - 7*z - 5. Calculate q(7).
-5
Let t(o) = o**2 - 7*o - 61. What is t(12)?
-1
Let b(t) = 2*t - 31. Determine b(19).
7
Let x(t) = -5*t - 40. What is x(-8)?
0
Let p(x) = -x**3 + 6*x**2 + 2*x + 15. What is p(7)?
-20
Let t(v) = v**3 - 5*v**2 + 4*v - 5. Calculate t(5).
15
Let l(c) = -c**2 - 3*c + 15. Give l(-5).
5
Let m(n) = -n**3 - 6*n**2 + 26*n + 6. Calculate m(-8).
-74
Let h(l) = 3*l**2 + 3*l + 3. Calculate h(-3).
21
Let a(j) = j**2 + 4*j - 7. What is a(-5)?
-2
Let f(v) = v**3 + 5*v**2 - 9*v - 1. Determine f(-7).
-36
Let j(h) = 4*h**3 - 4*h**2 + 1. Give j(2).
17
Let f(k) = -k**2 + 11*k + 56. Give f(14).
14
Let q(n) = -n**3 - 11*n**2 + 13*n + 12. What is q(-12)?
0
Let r(v) = v**3 - 3*v - 1. Determine r(3).
17
Let z(i) = 14*i + 26. Determine z(-8).
-86
Let q(j) = 44*j + 789. What is q(-18)?
-3
Let c(w) = -2*w + 39. Give c(13).
13
Let l(z) = -z**2 + 18*z + 13. Calculate l(9).
94
Let b(f) = f**3 - 5*f**2 - 11*f + 8. Give b(7).
29
Let h(k) = k**2 - k + 22. What is h(0)?
22
Let p(l) = 70*l + 11. Give p(-1).
-59
Let x(j) = -36*j**3 - j**2 + j. What is x(1)?
-36
Let w(i) = i**3 + 16*i**2 - 2*i - 14. Calculate w(-16).
18
Let p(g) = -5*g + 8. Give p(2).
-2
Let v(i) = -2*i - 2. Determine v(1).
-4
Let a(z) = -10*z + 16. Determine a(2).
-4
Let z(n) = n**3 + 16*n**2 + 13*n - 30. Give z(-15).
0
Let k(a) = -3*a - 3. Determine k(-5).
12
Let s(x) = x**2 - 8*x + 6. Determine s(7).
-1
Let k(c) = 30*c**2 + 1. Give k(-1).
31
Let o(a) = a - 15. What is o(12)?
-3
Let g(i) = i**3 - 2*i**2 - i + 11. Determine g(0).
11
Let j(h) = -h**3 - 8*h**2 + h - 5. What is j(-8)?
-13
Let a(n) = n + 22. What is a(4)?
26
Let x(j) = 6*j + 45. What is x(-7)?
3
Let i(r) = r**3 + 3*r**2 + r + 5. What is i(2)?
27
Let i(z) = 3*z**2. What is i(-2)?
12
Let t(f) = -8*f - 28. Give t(-4).
4
Let m(s) = -6*s + 141. Give m(25).
-9
Let n(x) = x**3 + 4*x**2 - 6. What is n(-2)?
2
Let d(n) = n - 4. Calculate d(15).
11
Let t(l) = 7*l**3 + 3*l**2 + 2*l + 3. What is t(-2)?
-45
Let t(c) = -4*c**2 + 3*c. Determine t(2).
-10
Let m(p) = p**3 + 3*p**2 - 4*p - 1. Give m(-5).
-31
Let i(o) = 4*o**3 - 3*o - 1. What is i(-1)?
-2
Let a(z) = 2*z + 89. Determine a(11).
111
Let n(f) = -5*f - 58. Determine n(-12).
2
Let w(a) = -a**3 - 8*a**2 - 6*a + 24. What is w(-7)?
17
Let j(f) = 2*f**2 + 44*f - 1105. What is j(-37)?
5
Let d(g) = -g**2 - 33*g + 341. Give d(8).
13
Let r(y) = 3*y**2 - 6*y - 4. Calculate r(5).
41
Let u(w) = w**3 - 15*w**2 + 26*w + 2. What is u(13)?
2
Let x(l) = -2*l**3 - 3*l**2 - 4*l - 6. Give x(-2).
6
Let d(v) = v**3 - 9*v**2 + 14*v + 15. Give d(6).
-9
Let p(y) = -y**2 + 14*y - 28. What is p(5)?
17
Let r(m) = -m**2 - m - 10. Calculate r(5).
-40
Let n(o) = -o**3 + 2*o**2 + 2*o + 8. What is n(0)?
8
Let g(p) = 2*p**2 + 15*p - 1. Calculate g(-8).
7
Let s(h) = -h + 64. What is s(26)?
38
Let w(q) = -q**3 + 4*q**2 + 2*q - 12. Calculate w(5).
-27
Let a(y) = y - 4. What is a(-2)?
-6
Let b(u) = u**2 - 19*u + 46. What is b(15)?
-14
Let j(x) = -x**3 + 10*x**2 + 12*x - 1. Give j(11).
10
Let c(p) = 29*p - 34. Give c(1).
-5
Let n(w) = w**2 + 12*w - 495. Calculate n(17).
-2
Let u(a) = a**3 + 6*a**2 - 2*a + 5. Calculate u(-5).
40
Let h(d) = 17*d - 1. What is h(-2)?
-35
Let b(f) = 12*f + 294. What is b(-22)?
30
Let u(q) = -3*q**2 - 7*q - 7. Calculate u(-3).
-13
Let t(d) = 2*d**2 - 9*d + 4. Calculate t(4).
0
Let j(a) = a - 10. Calculate j(8).
-2
Let r(d) = -d**2 + 4*d + 8. Determine r(6).
-4
Let c(d) = -d**2 - 2*d - 4. Determine c(3).
-19
Let v(u) = 4*u - 5. Give v(7).
23
Let s(a) = -a**2 - 11*a + 80. Give s(5).
0
Let m(p) = -3*p + 5. What is m(11)?
-28
Let o(a) = a**2 + 13*a + 8. Determine o(-12).
-4
Let o(z) = z**3 - z**2 - 2*z - 2. What is o(3)?
10
Let m(z) = -3*z - 15. Give m(-5).
0
Let h(r) = r**2 + 7*r. What is h(0)?
0
Let w(o) = -o**3 - 7*o**2 + 30*o - 11. Calculate w(-10).
-11
Let y(f) = 35*f - 142. Give y(4).
-2
Let f(y) = -y**2 + 23*y - 106. Calculate f(7).
6
Let g(m) = 2*m**2 - 2*m - 1. Give g(2).
3
Let g(o) = -5*o**3 - o**2 + 2. Determine g(-1).
6
Let n(l) = -3*l**2 - 23*l - 5. Determine n(-10).
-75
Let v(g) = 2*g - 2. Give v(8).
14
Let p(r) = 4*r - 113. Determine p(30).
7
Let a(w) = w**2 - 4*w - 7. Determine a(6).
5
Let h(v) = -3*v - 38. What is h(-10)?
-8
Let o(y) = y + 24. Calculate o(-10).
14
Let o(c) = -c**3 + 9*c**2 - 3*c + 3. Calculate o(9).
-24
Let j(b) = -12*b**2 - 52*b - 18. Give j(-4).
-2
Let v(l) = -l**2 + 9*l + 12. Calculate v(12).
-24
Let j(d) = d**3 - 10*d**2 - 11*d + 6. What is j(11)?
6
Let r(d) = -d**3 + 6*d**2 + 4*d - 9. Calculate r(6).
15
Let l(t) = t**2 + 6*t + 12. Give l(-5).
7
Let y(d) = 5*d - 3. Calculate y(3).
12
Let q(k) = -4*k**3 + k**2 - 3*k + 6. What is q(0)?
6
Let y(n) = n**2 + 7*n + 1. Give y(-4).
-11
Let o(f) = 2*f**2 - 2*f - 7. Give o(5).
33
Let a(q) = q - 7. Calculate a(6).
-1
Let z(t) = 2*t + 1. Give z(10).
21
Let r(o) = -o**3 - 4*o**2 + 5*o - 10. Determine r(-5).
-10
Let k(i) = 32*i - 2. What is k(1)?
30
Let n(x) = 8*x - 42. What is n(7)?
14
Let u(q) = q**2 - 21*q - 3. What is u(21)?
-3
Let s(a) = -5*a**2 + 150*a - 1. Determine s(30).
-1
Let h(c) = -11*c**2 + 21*c - 19. Calculate h(1).
-9
Let v(y) = -17*y - 80. Determine v(-5).
5
Let h(s) = s**3 + 3*s**2 - 1. Determine h(-3).
-1
Let m(y) = -2*y**2 - 35*y + 26. What is m(-19)?
-31
Let o(f) = -62*f - 738. What is o(-12)?
6
Let d(m) = 7*m - 6. Give d(9).
57
Let l(z) = -z - 9. Give l(-15).
6
Let x(p) = -p**3 - 9*p**2 - p + 48. What is x(-8)?
-8
Let l(n) = 11*n + 10. Determine l(2).
32
Let z(p) = -p**2 + 3*p + 13. Calculate z(6).
-5
Let b(s) = -2*s**2 + 13*s + 1. Calculate b(5).
16
Let i(n) = -n**3 + 14*n**2 - 16*n + 40. Calculate i(13).
1
Let c(r) = -12*r**2 + 2*r + 1. What is c(-2)?
-51
Let g(b) = b**3 - b**2 - 3*b + 2. Calculate g(3).
11
Let y(u) = u**2 + 5*u - 23. What is y(-6)?
-17
Let b(h) = h**3 + 22*h**2 - 22*h + 29. Determine b(-23).
6
Let s(f) = -f**2 + f - 4. Determine s(1).
-4
Let j(t) = 3*t**3 - t**2 - 2*t + 6. Give j(2).
22
Let x(y) = y**2 + 3*y - 21. Calculate x(7).
49
Let j(l) = l**2 - 37*l - 73. Determine j(39).
5
Let w(b) = -2*b + 11. Calculate w(9).
-7
Let g(c) = -c**3 + 6*c**2 + 4*c - 7. Determine g(6).
17
Let p(x) = -x**3 - 5*x**2 - 4*x + 3. Calculate p(-5).
23
Let t(p) = -3*p**2 - 2*p - 4. Give t(3).
-37
Let s(n) = 3*n - 8. What is s(11)?
25
Let w(j) = -2*j**3 + 52*j**2 - 50*j + 32. What is w(25)?
32
Let k(c) = -2*c**3 + 3*c**2 - c - 5. Determine k(-2).
25
Let z(m) = -2*m - 2. Determine z(-7).
12
Let d(h) = h**2 - 6*h + 11. Give d(6).
11
Let y(q) = q**2 - 8*q + 2. Calculate y(7).
-5
Let f(c) = c**2 - 11*c + 3. Give f(15).
63
Let k(d) = d**2 - d. Give k(0).
0
Let k(j) = -2*j - 42. Give k(-19).
-4
Let h(o) = 3*o**3 - o**2 - 1. Give h(-2).
-29
Let y(w) = 7*w + 43. Determine y(-8).
-13
Let c(y) = -y**3 + 10*y**2 + 2*y - 14. Calculate c(10).
6
Let a(q) = -q**3 - 10*q**2 - 14*q - 47. Determine a(-9).
-2
Let p(s) = -s**2 - 4*s + 9. Determine p(-6).
-3
Let u(b) = b**3 - 45*b**2 + 44*b + 7. Calculate u(44).
7
Let j(q) = 11*q + 41. Give j(-5).
-14
Let y(b) = -b**3 - 3*b**2 + 8*b + 13. Determine y(-4).
-3
Let w(f) = 22*f. Calculate w(1).
22
Let w(i) = -5*i**3 + i**2 + 2*i - 2. What is w(1)?
-4
Let f(v) = v**2 - 17*v + 27. Determine f(15).
-3
Let t(j) = 3*j**2 + 5*j + 4. What is t(-2)?
6
Let g(s) = 15*s**2 + s. Determine g(-1).
14
Let b(r) = 5*r**3 + r**2 - 9*r + 8. Calculate b(1).
5
Let w(u) = -u**3 - 7*u**2 - 10*u - 3. Give w(-3).
-9
Let h(z) = 20*z**3 + 1. Give h(-1).
-19
Let d(x) = 6*x - 4. Determine d(-1).
-10
Let k(x) = -x**3 - 4*x**2 - x + 4. Give k(1).
-2
Let k(l) = -2*l + 3. What is k(4)?
-5
Let a(k) = k**3 - 7*k**2 + 13*k - 12. What is a(5)?
3
Let j(q) = -q**2 + q + 3. Determine j(5).
-17
Let w(h) = -h**3 - 6*h**2 + 8*h + 7. Give w(-7).
0
Let i(t) = -t + 3. Calculate i(0).
3
Let c(k) = -3*k**3 + 5*k**2 - 4. Give c(2).
-8
Let j(q) = -9*q + 27. Give j(6).
-27
Let c(u) = -3*u - 145. Calculate c(0).
-145
Let u(s) = 6*s + 39. Calculate u(-10).
-21
Let d(g) = -2*g**2 + 2*g + 2. Give d(2).
-2
Let o(p) = 2*p**2 + 26*